e 2177168074?
False
Does 15 divide 635627124?
False
Does 78 divide 26841048?
True
Does 870 divide 1473431009?
False
Is 32904735 a multiple of 312?
False
Is 20259054 a multiple of 171?
True
Is 23478400 a multiple of 725?
True
Is 6664729 a multiple of 2?
False
Is 12876525 a multiple of 45?
True
Is 37 a factor of 14104414?
False
Is 911 a factor of 2068441898?
True
Is 1240994309 a multiple of 1922?
False
Is 371 a factor of 112835452?
False
Is 144064968 a multiple of 12?
True
Does 937 divide 206083643?
False
Is 215482968 a multiple of 12?
True
Is 6071022 a multiple of 752?
False
Is 88582 a multiple of 20?
False
Does 176 divide 522295526?
False
Is 20 a factor of 191015177?
False
Does 701 divide 940334957?
False
Does 129 divide 359376405?
False
Does 2731 divide 456350100?
True
Is 383899596 a multiple of 1592?
False
Does 3109 divide 591061317?
True
Does 8 divide 14435872?
True
Is 20 a factor of 18703340?
True
Is 1374503 a multiple of 13?
True
Does 39 divide 257341145?
False
Is 229576234 a multiple of 143?
False
Is 6028 a factor of 1095540776?
True
Is 1930959 a multiple of 2511?
True
Is 3249 a factor of 477195814?
False
Is 100 a factor of 5587700?
True
Is 193670609 a multiple of 39?
False
Does 77 divide 645096074?
False
Is 11 a factor of 1386041829?
False
Does 1647 divide 272456675?
False
Is 1557935661 a multiple of 9?
False
Is 9 a factor of 196358985?
True
Is 17 a factor of 199571041?
True
Does 74 divide 822904198?
True
Does 6 divide 286377912?
True
Does 156 divide 597919452?
True
Does 34 divide 282816525?
False
Does 29 divide 1661990719?
False
Is 156 a factor of 15346812?
True
Does 3986 divide 3489188946?
True
Is 115 a factor of 48440875?
True
Is 38948280 a multiple of 84?
True
Does 624 divide 10857600?
True
Is 5833661 a multiple of 4?
False
Is 271 a factor of 610674402?
False
Does 103 divide 18225541?
True
Is 4905 a factor of 302059710?
True
Does 28 divide 224050861?
False
Does 162 divide 23714571?
False
Is 182 a factor of 108541990?
False
Is 704968219 a multiple of 60?
False
Is 18 a factor of 661316859?
False
Is 995 a factor of 189346510?
True
Does 542 divide 3838180588?
True
Is 3802 a factor of 219588312?
True
Is 175782421 a multiple of 16?
False
Does 1635 divide 976945876?
False
Does 4390 divide 765488652?
False
Is 424894164 a multiple of 1283?
False
Is 13530896 a multiple of 73?
False
Does 242 divide 856271020?
True
Is 814503019 a multiple of 319?
True
Does 163 divide 307261565?
False
Does 131 divide 2165457?
False
Is 39433743 a multiple of 27?
True
Is 677032942 a multiple of 4374?
False
Is 181690341 a multiple of 874?
False
Is 256418231 a multiple of 21?
False
Is 31145250 a multiple of 33?
False
Is 168737499 a multiple of 23?
True
Does 8 divide 37553233?
False
Is 4 a factor of 194856435?
False
Is 12 a factor of 540615240?
True
Is 575 a factor of 55812375?
True
Is 156 a factor of 14935182?
False
Does 144 divide 30979728?
True
Is 113 a factor of 10060051?
True
Does 5 divide 933949765?
True
Does 620 divide 346844740?
True
Is 17 a factor of 56642368?
True
Does 89 divide 73549244?
True
Is 1250 a factor of 14222169?
False
Does 550 divide 169383616?
False
Is 186300444 a multiple of 132?
True
Is 673 a factor of 20934338?
True
Is 164 a factor of 32362612?
True
Does 3254 divide 363924106?
True
Is 6 a factor of 15028734?
True
Is 140 a factor of 37334340?
False
Does 152 divide 604489256?
True
Does 813 divide 976075605?
True
Does 24 divide 39863304?
True
Does 19 divide 229888334?
True
Is 20 a factor of 144300673?
False
Does 378 divide 121673664?
True
Is 39 a factor of 49187619?
True
Is 8 a factor of 2649775963?
False
Is 1844866800 a multiple of 575?
True
Is 29 a factor of 249211870?
False
Does 25 divide 16949890?
False
Is 44 a factor of 35329096?
True
Is 424869225 a multiple of 345?
True
Is 59 a factor of 45861323?
False
Is 203 a factor of 748601379?
False
Is 2518016138 a multiple of 79?
True
Is 189248946 a multiple of 345?
False
Does 35 divide 243504897?
False
Is 54 a factor of 11267372?
False
Does 331 divide 612637443?
False
Does 3228 divide 141803683?
False
Does 32 divide 1616032?
True
Is 181 a factor of 2241903467?
True
Is 84 a factor of 54157556?
False
Is 85 a factor of 36951285?
True
Is 28645625 a multiple of 5?
True
Is 391459005 a multiple of 51?
False
Does 16 divide 355505664?
True
Does 459 divide 12667410?
False
Is 1717 a factor of 110052832?
True
Does 244 divide 648704988?
True
Is 1317 a factor of 632188974?
True
Does 562 divide 98004258?
False
Does 171 divide 27923274?
True
Is 30 a factor of 702353533?
False
Does 271 divide 54908936?
True
Is 7 a factor of 8684862?
False
Is 2448 a factor of 8143679?
False
Is 11 a factor of 66546745?
False
Does 2 divide 420438?
True
Is 744018416 a multiple of 1170?
False
Is 131785384 a multiple of 8?
True
Is 1134933804 a multiple of 36?
True
Does 54 divide 859233906?
True
Does 151 divide 1472154260?
False
Is 82 a factor of 45292536?
True
Is 53 a factor of 212904286?
True
Is 12973965 a multiple of 31?
True
Is 4766025 a multiple of 55?
True
Does 11 divide 79884640?
True
Is 3 a factor of 25238174?
False
Does 34 divide 2757081819?
False
Does 340 divide 21736204?
False
Is 1155002 a multiple of 542?
True
Does 25 divide 4824500?
True
Is 1185644743 a multiple of 1856?
False
Does 151 divide 21594057?
True
Is 724097712 a multiple of 24?
True
Does 91 divide 186174625?
True
Is 6909915912 a multiple of 423?
False
Is 681341883 a multiple of 3?
True
Is 34151550 a multiple of 10?
True
Is 581 a factor of 38688933?
False
Does 57 divide 54105540?
True
Is 20460642 a multiple of 6?
True
Is 299 a factor of 600996722?
False
Is 359473227 a multiple of 15?
False
Is 50147890 a multiple of 2?
True
Is 851 a factor of 118181573?
False
Is 15469944 a multiple of 201?
False
Does 66 divide 14964840?
True
Is 97 a factor of 93516924?
True
Is 3 a factor of 1630388452?
False
Is 4 a factor of 23934828?
True
Does 65 divide 216448180?
True
Does 202 divide 359841588?
True
Is 10133549 even?
False
Does 7 divide 12483702?
True
Is 2376 a factor of 1030214132?
False
Does 1537 divide 603089600?
False
Is 889129289 a multiple of 191?
False
Does 37 divide 872642858?
False
Is 7 a factor of 7241904?
False
Is 101681643 a multiple of 21?
True
Is 498565155 a multiple of 3206?
False
Is 52 a factor of 332821632?
True
Is 366 a factor of 144076266?
True
Is 2481838 a multiple of 163?
True
Does 17 divide 1529764560?
False
Is 256 a factor of 3496798976?
True
Is 12 a factor of 590228700?
True
Does 42 divide 8279460?
True
Does 16556 divide 920116256?
True
Does 526 divide 13429832?
True
Is 126552936 a multiple of 12?
True
Does 645 divide 4629290130?
True
Is 4194 a factor of 35321868?
True
Is 100162419 a multiple of 7?
True
Does 18 divide 1995577771?
False
Does 3065 divide 1661423095?
True
Is 5518 a factor of 501160783?
False
Does 22 divide 288844952?
True
Is 35 a factor of 142920119?
False
Is 1976456 a multiple of 8?
True
Is 128 a factor of 237235328?
True
Is 235566384 a multiple of 8?
True
Is 846 a factor of 324393624?
True
Is 34 a factor of 59967138?
False
Does 21 divide 1433491?
False
Does 15 divide 204554655?
True
Does 5452 divide 4655424636?
True
Is 8 a factor of 341640504?
True
Is 877870791 a multiple of 175?
False
Is 1171820357 a multiple of 144?
False
Is 663063202 a multiple of 5882?
False
Is 176 a factor of 31902642?
False
Is 163 a factor of 1971785952?
False
Is 19124580 a multiple of 6?
True
Does 5 divide 36415100?
True
Is 19763392 a multiple of 44?
True
Is 436641387 a multiple of 623?
True
Is 21 a factor of 359965481?
False
Does 132 divide 334217406?
False
Is 6 a factor of 651937745?
False
Is 355598316 a multiple of 1116?
False
Is 11 a factor of 33402160?
True
Is 400629112 a multiple of 7?
False
Is 63017955 a multiple of 15?
True
Is 13493058 a multiple of 106?
True
Is 59946733 a multiple of 1246?
False
Is 13 a factor of 12552297?
False
Is 341408417 a multiple of 13?
False
Is 6980 a factor of 360095096?
False
Is 721 a factor of 35519096?
False
Does 69 divide 15493171?
False
Is 332 a factor of 404995226?
False
Is 933814986 a multiple of 31?
False
Is 37 a factor of 78215197?
False
Is 5082 a factor of 54905928?
True
Is 115084994 a multiple of 5749?
False
Is 133007351 a multiple of 7?
False
Is 3 a factor of 871556874?
True
Is 1632 a factor of 63410372?
False
Does 172 